0182, -j + 710107 = -3*w + 40022. Is j a composite number?
False
Let w be (42/5)/(7/35). Let l be w/(-9) + 1/(-3). Is -2*(-1)/(-1) - (-2599 + l) prime?
False
Let i = -2915 - -177. Let q = 811 - 442. Let p = q - i. Is p composite?
True
Let b be -10*(-12)/16*6. Let t = -43 + b. Suppose -2*a + 1001 = q, 0*a + 2030 = t*q - 3*a. Is q a prime number?
True
Let g(k) = k**3 - 5*k**2 - 3*k + 9. Let j be g(5). Is (40168/16)/((j/4)/(-3)) composite?
False
Let n be 19688/6 + 164/(-123). Suppose -s + 17235 = n. Is s prime?
False
Suppose 0 = 32*k - 11*k + 54159. Let x = k - -6985. Is x composite?
True
Let a = -21736 + 145025. Is a prime?
True
Suppose d = -0*d. Suppose d*q - 5*q - 387 = -h, -5*q - h = 393. Is (-127)/(-2)*q/(-13) a prime number?
False
Let y = 270641 - -19326. Is y a composite number?
False
Suppose -5*u - 7 + 3 = -4*t, 2*u - 2 = -2*t. Suppose -4*k - 424 = -2*y - 3*k, 5*y + 2*k - 1051 = u. Is y prime?
True
Let j be ((-45)/4)/((-2)/(104 + 0)). Is j - ((-1)/2 - 21/14) a composite number?
False
Let v be (-1)/((117/297)/(-13)). Let y(a) = 15*a**2 + 5*a + 79. Is y(v) composite?
True
Let m = 307 + -212. Let f = 101 - m. Suppose -7450 = -f*h - 472. Is h composite?
False
Let a be (-48)/(-168) + 128/(-7). Let j be 3 - -1 - 0/a. Suppose -j*m = -142 - 70. Is m prime?
True
Suppose o - x + 1907 = 0, o + 6*x + 1919 = 3*x. Let j = 4671 + o. Is j composite?
True
Let y be (1 - 6)/(-4 - 990/(-248)). Let r = y + 98. Is r a composite number?
True
Let n(j) = 459*j + 40. Let f(t) = -915*t - 81. Let c(h) = 6*f(h) + 14*n(h). Is c(5) prime?
False
Let s(f) = 80954*f**3 - 2*f**2 - 15*f + 16. Is s(1) a prime number?
True
Suppose -8580 = 21*z - 31*z. Let g = -593 + z. Is g prime?
False
Let f(c) = 294*c - 3671. Is f(38) a prime number?
False
Suppose 532041 = -2*p + 5*g, -3*p - 11*g - 798057 = -14*g. Is p/(-14) + (-7)/147*6 a prime number?
True
Let x = -859390 + 2028477. Is x composite?
True
Let f be ((-28)/(-8))/(2/4). Let w(q) = -q**3 + 8*q**2 - 5*q - 14. Let t be w(f). Is t/(-2) - -1*953 a composite number?
False
Let f = 295124 - 143005. Is f a composite number?
True
Suppose -84*o + 399271 = -283061. Is o a composite number?
False
Let f be 4/(-6) + 18368/(-42). Let y = f - -3697. Is y composite?
False
Suppose 3*s = -5*i + 735095, -21*s - 588076 = -4*i - 26*s. Is i composite?
True
Let t = 1000 - -2261. Is t a prime number?
False
Suppose -3*a - 3*i + 6*i + 39 = 0, 4*a - 3*i = 57. Let w be a/8 + 1/(-4). Is (-3802)/(-3) - w/6 composite?
True
Let g(d) = 1875*d + 13. Let v = 188 - 182. Is g(v) a prime number?
False
Let n(k) be the third derivative of 19*k**5/60 - 13*k**4/24 + k**3/6 - 25*k**2. Is n(-9) a prime number?
True
Suppose 31*k - 5*q + 115 = 35*k, 4*k - 122 = 2*q. Suppose k*h = h + 275181. Is h prime?
False
Let i(o) = -7*o - 2. Let p be i(-1). Suppose -5*k + 13 = 4*r, p*r + 5*k + 3 = 18. Is r/6 + (-22524)/(-9) a composite number?
False
Suppose -1606 + 14619 = 11*l. Suppose 8154 = y + 2*y. Let t = y - l. Is t a composite number?
True
Let d(h) = 959*h**2 - 33*h + 11. Is d(-7) a prime number?
False
Let m(l) = 2*l - 2. Let q be m(2). Let p(k) = 18*k**2 + 50 + 11*k**2 - 42*k**q - 20*k + k**3 - 7*k**2. Is p(21) prime?
True
Is ((60/120)/(6/4))/(2/2031654) a prime number?
True
Suppose 4*l - 426643 - 183965 = 4*d, 0 = l + 7*d - 152612. Is l a composite number?
True
Let b = -6823 - -18790. Is b a composite number?
True
Let o(x) = -x**2 - 79*x + 49. Let c be -15 - (2 - (-16)/(-8 - -4)). Is o(c) prime?
True
Let u(l) = 148*l - 35. Suppose 4*q = 3*f + 6, 0 = -2*q + 7*q + 5*f - 25. Is u(q) composite?
False
Let x = 526 + -489. Suppose -7286 = -x*z + 7255. Is z a composite number?
True
Let x = 87 + -84. Suppose -6*f + 2*f - x*u = 60408, 0 = -5*f - u - 75510. Is (-1 + -9)/(36/f) a prime number?
False
Let s(z) = 1354*z**2 + 45*z + 257. Is s(-6) prime?
True
Let z be (-108)/(-51) + 14/(-119). Suppose 1275 = -z*g + 4513. Is g prime?
True
Suppose 2*l - 8 = -4*z, l - 2*z - 2*z + 14 = 0. Let c(j) = -212*j**3 - 5*j**2 - 10*j - 3. Is c(l) a composite number?
False
Suppose q + 4*q - 162 = -2*f, 2*q + 3*f - 56 = 0. Suppose 19*o + 18825 = q*o. Is o composite?
True
Suppose 18 + 10 = -3*c + 5*y, -y - 16 = 3*c. Let v be (-28)/c + (-3)/(0 - 9). Suppose 2457 = v*z - 2*t + 3*t, -3*z + 1463 = -5*t. Is z prime?
True
Suppose 0 = -5*w - 3*z + 3664, -2*w + 4*z - z = -1474. Let l = w + 5864. Is l a composite number?
True
Suppose 119 = -2*u - 505. Let p = 394 - u. Is p composite?
True
Let m(w) = -23*w + 86. Let q(i) = -2*i + 2. Let j(t) = -m(t) + 2*q(t). Is j(11) a composite number?
False
Suppose 18*g - 56 = 142. Suppose g*u - 64422 = 1897. Is u a composite number?
False
Let t be (-9111)/15 - (69/15 - 5). Suppose 0*x - 3*c = -2*x - 3837, 2*c + 3862 = -2*x. Let g = t - x. Is g a composite number?
False
Suppose 0 = -5*k + 60 + 15. Let q be 3*(34/(-8))/(k/(-500)). Let f = q + -18. Is f a prime number?
False
Let o(q) = 4910*q**2 - 3*q - 4. Is o(-1) a composite number?
False
Let h be (6 - 6)/(2 - 1). Suppose -53*x + 51*x = h. Suppose 5*a = 5*y + 2395, 3*y - 2*y - 2 = x. Is a prime?
False
Let b be (93/(-3))/(-1 + (0 - -2)). Let r(w) = -2*w**3 - 60*w**2 - 18*w - 43. Is r(b) a composite number?
False
Suppose -3*f + 0*f + 510 = 0. Let r = f - 98. Let n = r + 835. Is n prime?
True
Is -1 + (1 - (-241498 + 2)) + 48 + -49 a prime number?
False
Let x(y) = 272644*y + 22325. Is x(12) prime?
False
Let l(n) = 31*n + 96. Let d be l(-3). Suppose g = -3*k + 1399, -3*k + d*g + 211 = -1196. Is k composite?
False
Suppose -4*k + 158159 = b, -22 = -3*b - 37. Is k prime?
True
Suppose -1430 = -6*c + 4*c. Let o = -101 + c. Suppose 2*t + o = 3*t. Is t a composite number?
True
Suppose 4*s - 32 + 16 = r, -3*s = 3*r + 18. Is (16/4)/r*-5786 composite?
True
Let o be 75/(-10)*(-48)/20. Suppose -o = 5*h - 11*h. Suppose -v - h*s + 235 = 0, 397 = 2*v - 2*s - 41. Is v prime?
True
Let a(y) = -13*y + 17813. Is a(0) a prime number?
False
Suppose -2430312 = -170*r - 985142. Is r prime?
True
Suppose -5*f + c - 8 = -20, 5*f + 4*c = 2. Let w be f/6 - ((-501)/9 + 1). Suppose w*k - 53*k - 236 = 0. Is k prime?
False
Let k(d) = -13*d**3 + 27*d**2 - 7*d - 444. Is k(-13) prime?
True
Let p(f) = 9*f**3 + 13*f**2 - 16*f + 195. Is p(41) a prime number?
True
Let x = -111 + 127. Is (-92)/x*(1094/(-2) - 1) a prime number?
False
Let a(x) = -x**3 - 8*x**2 + 1. Let f = -26 + 37. Let d(m) = 2*m**3 + 15*m**2 - m - 2. Let p(s) = f*a(s) + 6*d(s). Is p(10) prime?
False
Is 77630/6 + (-20)/(-6)*70/(-175) a composite number?
True
Let z be 522048/24 + -5 + 0. Suppose 86*w - z = 83*w. Is w prime?
False
Suppose 112*k + 10640 = 114*k. Suppose 5*r - k = -1635. Is r a prime number?
False
Suppose 0 = -g - 8, 372*c - 4*g + 634574 = 374*c. Is c a composite number?
True
Suppose -2*x = 2, v + 4*x + 35667 = 2*v. Is v a composite number?
True
Suppose 80*u - 85*u + 10 = 0. Suppose -4173 = -u*p - 527. Is p a prime number?
True
Suppose -49 = 11*b - 104. Suppose 14*w + b*w = 71953. Is w prime?
False
Let o = -21155 - -27624. Is o a composite number?
False
Let h = 9 - -48. Let b = h - 49. Suppose -b*x = -6*x - s - 262, 4*s + 532 = 4*x. Is x prime?
False
Is 16 - (-53864)/32*124 a composite number?
False
Let t(c) = 858*c**2 + 5*c + 13. Let x be t(6). Let s be ((-1)/((-2)/(-3)))/((-1)/3254). Suppose 10*z + s = x. Is z a prime number?
False
Suppose j - d = 18702, -2*d - 56111 = 11*j - 14*j. Let r = -5489 - 7237. Let f = r + j. Is f composite?
False
Suppose -9*x + 1812 + 5235 = 801. Is x prime?
False
Let k = 67 + -203. Let y = 2319 - k. Is y a composite number?
True
Suppose 22 = 6*d - 2*d + 3*c, 3*d + c - 14 = 0. Let n be (-1)/d + (-18)/(-8). Suppose -n*w = w - 1167. Is w composite?
False
Suppose -10768 + 106576 = 32*a. Let p = 3035 + a. Is p a composite number?
False
Let f = -470 - -462. Let z(d) = -1318*d + 21. Is z(f) prime?
False
Let t = -300 + 310. Let z(o) = 76*o**2 - 14*o + 49. Is z(t) composite?
True
Suppose j - 21 = -4*l, -2*j + 2*l + 78 = l. Suppose -4*y + j = 41. Let s(b) = -1560*b**3 + 1. Is s(y) a composite number?
True
Let v = 41645 + -29106. Is v composite?
False
Suppose 5*d - 5846 = 4*q, 4*q + d - 2627 + 8485 = 0. Let x = 10679 - q. Is x a composite number?
False
Let j(y) = y**2 + 27*y + 1315. Is j(-54) a composite number?
True
Is ((-5)/3)/((-10)/476094) a prime number?
True
Let y = -73